{"id":150,"date":"2022-02-07T14:58:57","date_gmt":"2022-02-07T13:58:57","guid":{"rendered":"http:\/\/rehabilitacja-glogow.pl\/?page_id=150"},"modified":"2024-12-01T10:47:08","modified_gmt":"2024-12-01T09:47:08","slug":"co-leczymy","status":"publish","type":"page","link":"https:\/\/rehabilitacja-glogow.pl\/index.php\/co-leczymy\/","title":{"rendered":"Co leczymy?"},"content":{"rendered":"\n<p><strong>Zajmujemy si\u0119 szeroko poj\u0119t\u0105 rehabilitacj\u0105 narz\u0105du ruchu. W obr\u0119bie naszych dzia\u0142a\u0144 diagnostyczno-terapeutycznych znajduj\u0105 si\u0119 pacjenci po zabiegach artroskopowych, po endoprotezoplastyce, pacjenci z przewlek\u0142ymi i ostrymi dolegliwo\u015bciami kr\u0119gos\u0142upa. Pomagamy w leczeniu kolana skoczka, tendinopatii \u015bci\u0119gna Achillesa, \u0142okcia tenisisty czy przeci\u0105\u017ce\u0144 mi\u0119\u015bniowo-powi\u0119ziowych okolicy karku. Staramy si\u0119 dok\u0142ada\u0107 wszelkiego wysi\u0142ku do przeprowadzonego wywiadu, co pomaga w dok\u0142adnym rozpoznaniu problemu pacjenta i dobraniu odpowiedniej terapii.<\/strong><\/p>\n\n\n\n<p><strong>Rehabilitacja pooperacyjna<\/strong><\/p>\n\n\n\n<p>B\u00f3l, obrz\u0119k i ograniczenie ruchomo\u015bci towarzysz\u0105 pacjentowi tu\u017c po wypisaniu ze szpitala czy kliniki po przeprowadzonej operacji. W rehabilitacji pooperacyjnej dok\u0142adamy stara\u0144, aby jak najszybciej przywr\u00f3ci\u0107 mo\u017cliwo\u015b\u0107 samodzielnego i bezbolesnego poruszania si\u0119 na co dzie\u0144. W dalszych etapach planujemy program rehabilitacji oparty o \u0107wiczenia niezb\u0119dne w powrocie do sprawno\u015bci sportowej, zar\u00f3wno wyczynowej jak i rekreacyjnej.<\/p>\n\n\n\n<ul class=\"wp-block-list\"><li>Rekonstrukcja artroskopowa ACL<\/li><li>Rekonstrukcja chrz\u0105stki stawowej<\/li><li>Usuni\u0119cie lub zeszycie \u0142\u0105kotki bocznej lub przy\u015brodkowej<\/li><li>Osteotomia<\/li><li>Artroskopia w obr\u0119bie barku, biodra i stawu skokowego<\/li><li>Operacje neurochirurgiczne kr\u0119gos\u0142upa<\/li><li>Stany po z\u0142amaniach<\/li><li>Endoprotezoplastyka<\/li><\/ul>\n\n\n\n<p><strong>B\u00f3le kr\u0119gos\u0142upa<\/strong><\/p>\n\n\n\n<p>Dolegliwo\u015bci kr\u0119gos\u0142upa to problem, kt\u00f3ry statystycznie dotyka ka\u017cdego cz\u0142owieka w jego \u017cyciu. Wi\u0119kszo\u015b\u0107 dolegliwo\u015bci tej okolicy to zesp\u00f3\u0142 dysfunkcji, kt\u00f3re sk\u0142adaj\u0105 si\u0119 na ograniczenie pacjenta. Wizyta w gabinecie pozwoli na poznanie ogranicze\u0144 ruchowych pacjenta. Ocena, kt\u00f3re ruchy prowokuj\u0105 b\u0105d\u017a zmniejszaj\u0105 b\u00f3l, pozwala na postawienie wst\u0119pnej diagnozy, kt\u00f3ra, uzupe\u0142niona o badanie manualne, wywiad i badania dodatkowe pozwoli znale\u017a\u0107 drog\u0119 do wyleczenia. Dope\u0142nieniem wizyty jest instruktarz post\u0119powania w domu, dobranie odpowiedniego zestawu \u0107wicze\u0144.<\/p>\n\n\n\n<ul class=\"wp-block-list\"><li>Rwa kulszowa<\/li><li>Zesp\u00f3\u0142 mi\u0119\u015bnia gruszkowatego<\/li><li>Dyskopatia<\/li><li>B\u00f3l karku i g\u0142owy<\/li><li>B\u00f3l mi\u0119dzy\u0142opatkowy<\/li><\/ul>\n\n\n\n<p><strong>B\u00f3le g\u0142owy<\/strong><\/p>\n\n\n\n<p>Problem dolegliwo\u015bci okolicy g\u0142owy i karku mo\u017ce mie\u0107 charakter ostry lub przewlek\u0142y. Towarzyszy\u0107 mog\u0105 mu zawroty g\u0142owy, szumy uszne czy b\u00f3l okolicy oczodo\u0142u. Do przyczyn tego stanu mo\u017cemy zaliczy\u0107 problemy z ukrwieniem, podra\u017cnienie struktur nerwowych, napi\u0119cia mi\u0119\u015bniowo-powi\u0119ziowe okolicy szyi, karku, g\u0142owy czy dysfunkcje klatki piersiowej i barku.<\/p>\n\n\n\n<ul class=\"wp-block-list\"><li>Migreny<\/li><li>Napi\u0119ciowe b\u00f3le g\u0142owy<\/li><li>Pourazowe b\u00f3le g\u0142owy ze wzmo\u017conym napi\u0119ciem karku<\/li><\/ul>\n\n\n\n<p><strong>Urazy i przeci\u0105\u017cenia staw\u00f3w<\/strong><\/p>\n\n\n\n<p>Przeci\u0105\u017cenie \u015bci\u0119gna Achillesa czy \u0142okie\u0107 tenisisty to jedne z najcz\u0119stszych dysfunkcji w obr\u0119bie staw\u00f3w ko\u0144czyn, z kt\u00f3rymi pacjenci zg\u0142aszaj\u0105 si\u0119 do fizjoterapeuty. Przewlek\u0142e uszkodzenia \u015bci\u0119gien mi\u0119\u015bni w rejonie staw\u00f3w s\u0105 dzisiaj wyzwaniem terapeutycznym dla lekarzy i fizjoterapeut\u00f3w. Dzi\u0119ki najnowszej wiedzy naukowc\u00f3w wiemy, \u017ce odpowiednio dobrany trening wspomagany diagnostyk\u0105 ultrasonograficzn\u0105 i wzbudzaniem reakcji naprawczej poprzez m.in. Przezsk\u00f3rn\u0105 Elektroliz\u0119 EPTE skutecznie eliminuje b\u00f3l i przywraca funkcj\u0119 w stawie.<\/p>\n\n\n\n<ul class=\"wp-block-list\"><li>Kolano skoczka<\/li><li>Przeci\u0105\u017cenie \u015bci\u0119gna Achillesa<\/li><li>\u0141okie\u0107 tenisisty i golfisty<\/li><li>Bark zamro\u017cony<\/li><li>B\u00f3l biodra<\/li><li>Biodro trzaskaj\u0105ce<\/li><li>Skr\u0119cenie stawu skokowego<\/li><li>Chondromalacja rzepki<\/li><li>Choroba Osgooda-Schlatera<\/li><li>Ostroga pi\u0119towa<\/li><li>Zapalenie rozci\u0119gna podeszwowego<\/li><li>Obrz\u0119ki ko\u0144czyn<\/li><\/ul>\n\n\n\n<p><strong>Wady postawy<\/strong><\/p>\n\n\n\n<p>Wady postawy w wi\u0119kszo\u015bci s\u0105 pochodzenia wrodzonego, na kt\u00f3re wp\u0142yw mia\u0142y&nbsp; czynniki \u015brodowiskowe i zaniedbanie aktywno\u015bci fizycznej w wieku dzieci\u0119cym. Ograniczenie ruchu i coraz cz\u0119stsze sp\u0119dzanie czasu w pozycji siedz\u0105cej sprzyja pojawianiu si\u0119 dzisiaj coraz wi\u0119kszej ilo\u015bci pacjent\u00f3w ze skoliozami, nadmiern\u0105 kifoz\u0105 odcinka piersiowego czy pog\u0142\u0119bion\u0105 lordoz\u0105 odcinka l\u0119d\u017awiowego. Odpowiedni trening mo\u017ce zapobiec pog\u0142\u0119bianiu wady w wieku dzieci\u0119cym, a w przypadku os\u00f3b doros\u0142ych po\u0142\u0105czenie treningu z terapi\u0105 manualn\u0105 mo\u017ce polepszy\u0107 jako\u015b\u0107 \u017cycia.<\/p>\n\n\n\n<ul class=\"wp-block-list\"><li>Skolioza<\/li><li>Plecy p\u0142askie<\/li><li>Plecy okr\u0105g\u0142e<\/li><li>Plecy wkl\u0119s\u0142e<\/li><li>Choroba Scheuermanna<\/li><li>Stopy p\u0142asko-ko\u015blawe<\/li><li>Kolana ko\u015blawe<\/li><\/ul>\n\n\n\n<p><strong>Terapia kobiet w ci\u0105\u017cy<\/strong><\/p>\n\n\n\n<p>Dolegliwo\u015bci l\u0119d\u017awiowego lub szyjnego odcinka kr\u0119gos\u0142upa cz\u0119sto towarzysz\u0105 kobietom w drugim i trzecim trymestrze ci\u0105\u017cy. Leczenie zachowawcze w postaci rozlu\u017aniania mi\u0119\u015bniowo-powi\u0119ziowego, technik masa\u017cu tkanek g\u0142\u0119bokich i tradycyjnych technik masa\u017cu klasycznego, wspomagane aplikacjami Kinesiotapingu odci\u0105\u017caj\u0105cymi bolesne miejsca stanowi cz\u0119sto jedyny mo\u017cliwy kierunek leczenia w tym szczeg\u00f3lnym czasie dla Pa\u0144.<\/p>\n\n\n\n<p><\/p>\n","protected":false},"excerpt":{"rendered":"<p>Zajmujemy si\u0119 szeroko poj\u0119t\u0105 rehabilitacj\u0105 narz\u0105du ruchu. W obr\u0119bie naszych dzia\u0142a\u0144 diagnostyczno-terapeutycznych znajduj\u0105 si\u0119 pacjenci po zabiegach artroskopowych, po endoprotezoplastyce, pacjenci z przewlek\u0142ymi i ostrymi dolegliwo\u015bciami kr\u0119gos\u0142upa. Pomagamy w leczeniu kolana skoczka, tendinopatii \u015bci\u0119gna Achillesa, \u0142okcia tenisisty czy przeci\u0105\u017ce\u0144 mi\u0119\u015bniowo-powi\u0119ziowych okolicy karku. Staramy si\u0119 dok\u0142ada\u0107 wszelkiego wysi\u0142ku do przeprowadzonego wywiadu, [&hellip;]<\/p>\n","protected":false},"author":1,"featured_media":61,"parent":0,"menu_order":0,"comment_status":"closed","ping_status":"closed","template":"","meta":{"footnotes":""},"class_list":["post-150","page","type-page","status-publish","has-post-thumbnail","hentry"],"_links":{"self":[{"href":"https:\/\/rehabilitacja-glogow.pl\/index.php\/wp-json\/wp\/v2\/pages\/150","targetHints":{"allow":["GET"]}}],"collection":[{"href":"https:\/\/rehabilitacja-glogow.pl\/index.php\/wp-json\/wp\/v2\/pages"}],"about":[{"href":"https:\/\/rehabilitacja-glogow.pl\/index.php\/wp-json\/wp\/v2\/types\/page"}],"author":[{"embeddable":true,"href":"https:\/\/rehabilitacja-glogow.pl\/index.php\/wp-json\/wp\/v2\/users\/1"}],"replies":[{"embeddable":true,"href":"https:\/\/rehabilitacja-glogow.pl\/index.php\/wp-json\/wp\/v2\/comments?post=150"}],"version-history":[{"count":5,"href":"https:\/\/rehabilitacja-glogow.pl\/index.php\/wp-json\/wp\/v2\/pages\/150\/revisions"}],"predecessor-version":[{"id":303,"href":"https:\/\/rehabilitacja-glogow.pl\/index.php\/wp-json\/wp\/v2\/pages\/150\/revisions\/303"}],"wp:featuredmedia":[{"embeddable":true,"href":"https:\/\/rehabilitacja-glogow.pl\/index.php\/wp-json\/wp\/v2\/media\/61"}],"wp:attachment":[{"href":"https:\/\/rehabilitacja-glogow.pl\/index.php\/wp-json\/wp\/v2\/media?parent=150"}],"curies":[{"name":"wp","href":"https:\/\/api.w.org\/{rel}","templated":true}]}}

<p><strong>Zajmujemy się szeroko pojętą rehabilitacją narządu ruchu. W obrębie naszych działań diagnostyczno-terapeutycznych znajdują się pacjenci po zabiegach artroskopowych, po endoprotezoplastyce, pacjenci z przewlekłymi i ostrymi dolegliwościami kręgosłupa. Pomagamy w leczeniu kolana skoczka, tendinopatii ścięgna Achillesa, łokcia tenisisty czy przeciążeń mięśniowo-powięziowych okolicy karku. Staramy się dokładać wszelkiego wysiłku do przeprowadzonego wywiadu, co pomaga w dokładnym rozpoznaniu problemu pacjenta i dobraniu odpowiedniej terapii.</strong></p>



<p><strong>Rehabilitacja pooperacyjna</strong></p>



<p>Ból, obrzęk i ograniczenie ruchomości towarzyszą pacjentowi tuż po wypisaniu ze szpitala czy kliniki po przeprowadzonej operacji. W rehabilitacji pooperacyjnej dokładamy starań, aby jak najszybciej przywrócić możliwość samodzielnego i bezbolesnego poruszania się na co dzień. W dalszych etapach planujemy program rehabilitacji oparty o ćwiczenia niezbędne w powrocie do sprawności sportowej, zarówno wyczynowej jak i rekreacyjnej.</p>



<ul class="wp-block-list"><li>Rekonstrukcja artroskopowa ACL</li><li>Rekonstrukcja chrząstki stawowej</li><li>Usunięcie lub zeszycie łąkotki bocznej lub przyśrodkowej</li><li>Osteotomia</li><li>Artroskopia w obrębie barku, biodra i stawu skokowego</li><li>Operacje neurochirurgiczne kręgosłupa</li><li>Stany po złamaniach</li><li>Endoprotezoplastyka</li></ul>



<p><strong>Bóle kręgosłupa</strong></p>



<p>Dolegliwości kręgosłupa to problem, który statystycznie dotyka każdego człowieka w jego życiu. Większość dolegliwości tej okolicy to zespół dysfunkcji, które składają się na ograniczenie pacjenta. Wizyta w gabinecie pozwoli na poznanie ograniczeń ruchowych pacjenta. Ocena, które ruchy prowokują bądź zmniejszają ból, pozwala na postawienie wstępnej diagnozy, która, uzupełniona o badanie manualne, wywiad i badania dodatkowe pozwoli znaleźć drogę do wyleczenia. Dopełnieniem wizyty jest instruktarz postępowania w domu, dobranie odpowiedniego zestawu ćwiczeń.</p>



<ul class="wp-block-list"><li>Rwa kulszowa</li><li>Zespół mięśnia gruszkowatego</li><li>Dyskopatia</li><li>Ból karku i głowy</li><li>Ból międzyłopatkowy</li></ul>



<p><strong>Bóle głowy</strong></p>



<p>Problem dolegliwości okolicy głowy i karku może mieć charakter ostry lub przewlekły. Towarzyszyć mogą mu zawroty głowy, szumy uszne czy ból okolicy oczodołu. Do przyczyn tego stanu możemy zaliczyć problemy z ukrwieniem, podrażnienie struktur nerwowych, napięcia mięśniowo-powięziowe okolicy szyi, karku, głowy czy dysfunkcje klatki piersiowej i barku.</p>



<ul class="wp-block-list"><li>Migreny</li><li>Napięciowe bóle głowy</li><li>Pourazowe bóle głowy ze wzmożonym napięciem karku</li></ul>



<p><strong>Urazy i przeciążenia stawów</strong></p>



<p>Przeciążenie ścięgna Achillesa czy łokieć tenisisty to jedne z najczęstszych dysfunkcji w obrębie stawów kończyn, z którymi pacjenci zgłaszają się do fizjoterapeuty. Przewlekłe uszkodzenia ścięgien mięśni w rejonie stawów są dzisiaj wyzwaniem terapeutycznym dla lekarzy i fizjoterapeutów. Dzięki najnowszej wiedzy naukowców wiemy, że odpowiednio dobrany trening wspomagany diagnostyką ultrasonograficzną i wzbudzaniem reakcji naprawczej poprzez m.in. Przezskórną Elektrolizę EPTE skutecznie eliminuje ból i przywraca funkcję w stawie.</p>



<ul class="wp-block-list"><li>Kolano skoczka</li><li>Przeciążenie ścięgna Achillesa</li><li>Łokieć tenisisty i golfisty</li><li>Bark zamrożony</li><li>Ból biodra</li><li>Biodro trzaskające</li><li>Skręcenie stawu skokowego</li><li>Chondromalacja rzepki</li><li>Choroba Osgooda-Schlatera</li><li>Ostroga piętowa</li><li>Zapalenie rozcięgna podeszwowego</li><li>Obrzęki kończyn</li></ul>



<p><strong>Wady postawy</strong></p>



<p>Wady postawy w większości są pochodzenia wrodzonego, na które wpływ miały&nbsp; czynniki środowiskowe i zaniedbanie aktywności fizycznej w wieku dziecięcym. Ograniczenie ruchu i coraz częstsze spędzanie czasu w pozycji siedzącej sprzyja pojawianiu się dzisiaj coraz większej ilości pacjentów ze skoliozami, nadmierną kifozą odcinka piersiowego czy pogłębioną lordozą odcinka lędźwiowego. Odpowiedni trening może zapobiec pogłębianiu wady w wieku dziecięcym, a w przypadku osób dorosłych połączenie treningu z terapią manualną może polepszyć jakość życia.</p>



<ul class="wp-block-list"><li>Skolioza</li><li>Plecy płaskie</li><li>Plecy okrągłe</li><li>Plecy wklęsłe</li><li>Choroba Scheuermanna</li><li>Stopy płasko-koślawe</li><li>Kolana koślawe</li></ul>



<p><strong>Terapia kobiet w ciąży</strong></p>



<p>Dolegliwości lędźwiowego lub szyjnego odcinka kręgosłupa często towarzyszą kobietom w drugim i trzecim trymestrze ciąży. Leczenie zachowawcze w postaci rozluźniania mięśniowo-powięziowego, technik masażu tkanek głębokich i tradycyjnych technik masażu klasycznego, wspomagane aplikacjami Kinesiotapingu odciążającymi bolesne miejsca stanowi często jedyny możliwy kierunek leczenia w tym szczególnym czasie dla Pań.</p>



<p></p>

<p>Zajmujemy się szeroko pojętą rehabilitacją narządu ruchu. W obrębie naszych działań diagnostyczno-terapeutycznych znajdują się pacjenci po zabiegach artroskopowych, po endoprotezoplastyce, pacjenci z przewlekłymi i ostrymi dolegliwościami kręgosłupa. Pomagamy w leczeniu kolana skoczka, tendinopatii ścięgna Achillesa, łokcia tenisisty czy przeciążeń mięśniowo-powięziowych okolicy karku. Staramy się dokładać wszelkiego wysiłku do przeprowadzonego wywiadu, [&hellip;]</p>
