{"id":159,"date":"2022-02-07T15:25:10","date_gmt":"2022-02-07T14:25:10","guid":{"rendered":"http:\/\/rehabilitacja-glogow.pl\/?page_id=159"},"modified":"2024-12-01T11:35:58","modified_gmt":"2024-12-01T10:35:58","slug":"fala-udzerzeniowa-rswt","status":"publish","type":"page","link":"https:\/\/rehabilitacja-glogow.pl\/index.php\/fala-udzerzeniowa-rswt\/","title":{"rendered":"Fala uderzeniowa RSWT"},"content":{"rendered":"\n<p><strong>Terapia fal\u0105 uderzeniow\u0105<\/strong> wykorzystuj\u0105ca urz\u0105dzenie Impactis M+ umo\u017cliwia efektywne leczenie chronicznego b\u00f3lu zwi\u0105zanego z przewlek\u0142ymi stanami zapalnymi i zwyrodnieniami \u015bci\u0119gien, torebek stawowych, wi\u0119zade\u0142 oraz mi\u0119\u015bni i ko\u015bci. Jest r\u00f3wnie\u017c wsparciem w terapii punkt\u00f3w spustowych, czyli szczeg\u00f3lnie wra\u017cliwych miejsc charakteryzuj\u0105cych si\u0119 wzmo\u017conym napi\u0119ciem, kt\u00f3re mog\u0105 generowa\u0107 b\u00f3l promieniuj\u0105cy.<\/p>\n\n\n\n<p><\/p>\n\n\n\n<p>Podczas <strong>terapii fal\u0105 uderzeniow\u0105<\/strong>, wytwarzane s\u0105 impulsy, kt\u00f3rych cz\u0119sto\u015b\u0107 powt\u00f3rze\u0144 mo\u017ce mie\u0107 wp\u0142yw na niekorzystne odczucia u pacjent\u00f3w. Osoby wra\u017cliwe \u017ale toleruj\u0105 nisk\u0105 cz\u0119stotliwo\u015b\u0107. U\u017cyty w Impactis M+ zakres generacji impuls\u00f3w od 1 do 25 Hz pozwala na zwi\u0119kszenie komfortu pacjenta bez utraty terapeutycznych w\u0142a\u015bciwo\u015bci zabiegu.<\/p>\n\n\n\n<p><\/p>\n\n\n\n<figure class=\"wp-block-gallery has-nested-images columns-default is-cropped wp-block-gallery-1 is-layout-flex wp-block-gallery-is-layout-flex\"><\/figure>\n\n\n\n<p><\/p>\n","protected":false},"excerpt":{"rendered":"<p>Terapia fal\u0105 uderzeniow\u0105 wykorzystuj\u0105ca urz\u0105dzenie Impactis M+ umo\u017cliwia efektywne leczenie chronicznego b\u00f3lu zwi\u0105zanego z przewlek\u0142ymi stanami zapalnymi i zwyrodnieniami \u015bci\u0119gien, torebek stawowych, wi\u0119zade\u0142 oraz mi\u0119\u015bni i ko\u015bci. Jest r\u00f3wnie\u017c wsparciem w terapii punkt\u00f3w spustowych, czyli szczeg\u00f3lnie wra\u017cliwych miejsc charakteryzuj\u0105cych si\u0119 wzmo\u017conym napi\u0119ciem, kt\u00f3re mog\u0105 generowa\u0107 b\u00f3l promieniuj\u0105cy. Podczas terapii fal\u0105 [&hellip;]<\/p>\n","protected":false},"author":1,"featured_media":305,"parent":0,"menu_order":0,"comment_status":"closed","ping_status":"closed","template":"","meta":{"footnotes":""},"class_list":["post-159","page","type-page","status-publish","has-post-thumbnail","hentry"],"_links":{"self":[{"href":"https:\/\/rehabilitacja-glogow.pl\/index.php\/wp-json\/wp\/v2\/pages\/159","targetHints":{"allow":["GET"]}}],"collection":[{"href":"https:\/\/rehabilitacja-glogow.pl\/index.php\/wp-json\/wp\/v2\/pages"}],"about":[{"href":"https:\/\/rehabilitacja-glogow.pl\/index.php\/wp-json\/wp\/v2\/types\/page"}],"author":[{"embeddable":true,"href":"https:\/\/rehabilitacja-glogow.pl\/index.php\/wp-json\/wp\/v2\/users\/1"}],"replies":[{"embeddable":true,"href":"https:\/\/rehabilitacja-glogow.pl\/index.php\/wp-json\/wp\/v2\/comments?post=159"}],"version-history":[{"count":7,"href":"https:\/\/rehabilitacja-glogow.pl\/index.php\/wp-json\/wp\/v2\/pages\/159\/revisions"}],"predecessor-version":[{"id":313,"href":"https:\/\/rehabilitacja-glogow.pl\/index.php\/wp-json\/wp\/v2\/pages\/159\/revisions\/313"}],"wp:featuredmedia":[{"embeddable":true,"href":"https:\/\/rehabilitacja-glogow.pl\/index.php\/wp-json\/wp\/v2\/media\/305"}],"wp:attachment":[{"href":"https:\/\/rehabilitacja-glogow.pl\/index.php\/wp-json\/wp\/v2\/media?parent=159"}],"curies":[{"name":"wp","href":"https:\/\/api.w.org\/{rel}","templated":true}]}}

<p><strong>Terapia falą uderzeniową</strong> wykorzystująca urządzenie Impactis M+ umożliwia efektywne leczenie chronicznego bólu związanego z przewlekłymi stanami zapalnymi i zwyrodnieniami ścięgien, torebek stawowych, więzadeł oraz mięśni i kości. Jest również wsparciem w terapii punktów spustowych, czyli szczególnie wrażliwych miejsc charakteryzujących się wzmożonym napięciem, które mogą generować ból promieniujący.</p>



<p></p>



<p>Podczas <strong>terapii falą uderzeniową</strong>, wytwarzane są impulsy, których częstość powtórzeń może mieć wpływ na niekorzystne odczucia u pacjentów. Osoby wrażliwe źle tolerują niską częstotliwość. Użyty w Impactis M+ zakres generacji impulsów od 1 do 25 Hz pozwala na zwiększenie komfortu pacjenta bez utraty terapeutycznych właściwości zabiegu.</p>



<p></p>



<figure class="wp-block-gallery has-nested-images columns-default is-cropped wp-block-gallery-1 is-layout-flex wp-block-gallery-is-layout-flex"></figure>



<p></p>

<p>Terapia falą uderzeniową wykorzystująca urządzenie Impactis M+ umożliwia efektywne leczenie chronicznego bólu związanego z przewlekłymi stanami zapalnymi i zwyrodnieniami ścięgien, torebek stawowych, więzadeł oraz mięśni i kości. Jest również wsparciem w terapii punktów spustowych, czyli szczególnie wrażliwych miejsc charakteryzujących się wzmożonym napięciem, które mogą generować ból promieniujący. Podczas terapii falą [&hellip;]</p>
