{"id":167,"date":"2022-02-07T15:32:05","date_gmt":"2022-02-07T14:32:05","guid":{"rendered":"http:\/\/rehabilitacja-glogow.pl\/?page_id=167"},"modified":"2022-02-27T12:32:03","modified_gmt":"2022-02-27T11:32:03","slug":"usg-w-pracy-fizjoterapeuty","status":"publish","type":"page","link":"https:\/\/rehabilitacja-glogow.pl\/index.php\/usg-w-pracy-fizjoterapeuty\/","title":{"rendered":"USG w pracy fizjoterapeuty"},"content":{"rendered":"\n<p><\/p>\n\n\n\n<div class=\"wp-block-group\"><div class=\"wp-block-group__inner-container is-layout-flow wp-block-group-is-layout-flow\">\n<div class=\"wp-block-columns is-layout-flex wp-container-core-columns-is-layout-9d6595d7 wp-block-columns-is-layout-flex\">\n<div class=\"wp-block-column is-layout-flow wp-block-column-is-layout-flow\" style=\"flex-basis:100%\">\n<p><strong>Obrazowanie ultrasonograficzne na potrzeby fizjoterapii wykorzystywane jest na \u015bwiecie ju\u017c od d\u0142ugich dziesi\u0119cioleci. W Polsce, wykorzystywanie USG do diagnostyki problemu pacjenta w gabinecie fizjoterapeuty, znalaz\u0142o swoje miejsce stosunkowo niedawno.<\/strong> <\/p>\n\n\n\n<p>Dzi\u0119ki obrazowaniu za pomoc\u0105 g\u0142owicy ultrad\u017awi\u0119kowej mo\u017cna okre\u015bli\u0107 stan mi\u0119\u015bni, powi\u0119zi, wi\u0119zade\u0142, \u0142\u0105kotek, chrz\u0105stki stawowej czy \u015bci\u0119gien mi\u0119\u015bni. Dzi\u0119ki informacjom o uszkodzeniu wymienionych struktur \u0142atwiej zaplanowa\u0107 program rehabilitacji, mo\u017cna te\u017c regularnie monitorowa\u0107 post\u0119p terapii. Monitoring za pomoc\u0105 USG zwi\u0119ksza efektywno\u015b\u0107 zabieg\u00f3w z wykorzystaniem ig\u0142y, np. podczas zabiegu Przezsk\u00f3rnej Elektrolizy EPTE.<\/p>\n\n\n\n<p><\/p>\n<\/div>\n<\/div>\n<\/div><\/div>\n","protected":false},"excerpt":{"rendered":"<p>Obrazowanie ultrasonograficzne na potrzeby fizjoterapii wykorzystywane jest na \u015bwiecie ju\u017c od d\u0142ugich dziesi\u0119cioleci. W Polsce, wykorzystywanie USG do diagnostyki problemu pacjenta w gabinecie fizjoterapeuty, znalaz\u0142o swoje miejsce stosunkowo niedawno. Dzi\u0119ki obrazowaniu za pomoc\u0105 g\u0142owicy ultrad\u017awi\u0119kowej mo\u017cna okre\u015bli\u0107 stan mi\u0119\u015bni, powi\u0119zi, wi\u0119zade\u0142, \u0142\u0105kotek, chrz\u0105stki stawowej czy \u015bci\u0119gien mi\u0119\u015bni. Dzi\u0119ki informacjom o [&hellip;]<\/p>\n","protected":false},"author":1,"featured_media":130,"parent":0,"menu_order":0,"comment_status":"closed","ping_status":"closed","template":"","meta":{"footnotes":""},"class_list":["post-167","page","type-page","status-publish","has-post-thumbnail","hentry"],"_links":{"self":[{"href":"https:\/\/rehabilitacja-glogow.pl\/index.php\/wp-json\/wp\/v2\/pages\/167","targetHints":{"allow":["GET"]}}],"collection":[{"href":"https:\/\/rehabilitacja-glogow.pl\/index.php\/wp-json\/wp\/v2\/pages"}],"about":[{"href":"https:\/\/rehabilitacja-glogow.pl\/index.php\/wp-json\/wp\/v2\/types\/page"}],"author":[{"embeddable":true,"href":"https:\/\/rehabilitacja-glogow.pl\/index.php\/wp-json\/wp\/v2\/users\/1"}],"replies":[{"embeddable":true,"href":"https:\/\/rehabilitacja-glogow.pl\/index.php\/wp-json\/wp\/v2\/comments?post=167"}],"version-history":[{"count":3,"href":"https:\/\/rehabilitacja-glogow.pl\/index.php\/wp-json\/wp\/v2\/pages\/167\/revisions"}],"predecessor-version":[{"id":263,"href":"https:\/\/rehabilitacja-glogow.pl\/index.php\/wp-json\/wp\/v2\/pages\/167\/revisions\/263"}],"wp:featuredmedia":[{"embeddable":true,"href":"https:\/\/rehabilitacja-glogow.pl\/index.php\/wp-json\/wp\/v2\/media\/130"}],"wp:attachment":[{"href":"https:\/\/rehabilitacja-glogow.pl\/index.php\/wp-json\/wp\/v2\/media?parent=167"}],"curies":[{"name":"wp","href":"https:\/\/api.w.org\/{rel}","templated":true}]}}

<p></p>



<div class="wp-block-group"><div class="wp-block-group__inner-container is-layout-flow wp-block-group-is-layout-flow">
<div class="wp-block-columns is-layout-flex wp-container-core-columns-is-layout-9d6595d7 wp-block-columns-is-layout-flex">
<div class="wp-block-column is-layout-flow wp-block-column-is-layout-flow" style="flex-basis:100%">
<p><strong>Obrazowanie ultrasonograficzne na potrzeby fizjoterapii wykorzystywane jest na świecie już od długich dziesięcioleci. W Polsce, wykorzystywanie USG do diagnostyki problemu pacjenta w gabinecie fizjoterapeuty, znalazło swoje miejsce stosunkowo niedawno.</strong> </p>



<p>Dzięki obrazowaniu za pomocą głowicy ultradźwiękowej można określić stan mięśni, powięzi, więzadeł, łąkotek, chrząstki stawowej czy ścięgien mięśni. Dzięki informacjom o uszkodzeniu wymienionych struktur łatwiej zaplanować program rehabilitacji, można też regularnie monitorować postęp terapii. Monitoring za pomocą USG zwiększa efektywność zabiegów z wykorzystaniem igły, np. podczas zabiegu Przezskórnej Elektrolizy EPTE.</p>



<p></p>
</div>
</div>
</div></div>

<p>Obrazowanie ultrasonograficzne na potrzeby fizjoterapii wykorzystywane jest na świecie już od długich dziesięcioleci. W Polsce, wykorzystywanie USG do diagnostyki problemu pacjenta w gabinecie fizjoterapeuty, znalazło swoje miejsce stosunkowo niedawno. Dzięki obrazowaniu za pomocą głowicy ultradźwiękowej można określić stan mięśni, powięzi, więzadeł, łąkotek, chrząstki stawowej czy ścięgien mięśni. Dzięki informacjom o [&hellip;]</p>
